{"id":170,"date":"2023-10-13T17:09:19","date_gmt":"2023-10-13T15:09:19","guid":{"rendered":"https:\/\/apesanteur.net\/?page_id=170"},"modified":"2023-11-09T11:07:04","modified_gmt":"2023-11-09T10:07:04","slug":"a-propos","status":"publish","type":"page","link":"https:\/\/apesanteur.net\/index.php\/a-propos\/","title":{"rendered":"A propos"},"content":{"rendered":"\n<h1>\n\t\t\u00c0 propos\n\t<\/h1>\n\t<h4>Au c\u0153ur des villes modernes, de nombreux d\u00e9fis se pr\u00e9sentent lorsqu&rsquo;il s&rsquo;agit d&rsquo;entretenir, r\u00e9parer ou inspecter les structures en hauteur. C&rsquo;est l\u00e0 que notre \u00e9quipe d&rsquo;experts en travaux sur corde entre en action.<\/h4>\n\t<p>Avec une exp\u00e9rience de plus de dix ans, nous vous proposons des solutions innovantes et s\u00e9curis\u00e9es pour r\u00e9pondre \u00e0 tous vos besoins en mati\u00e8re de travaux en hauteur en milieu urbain.<\/p>\n\t\t\t\t\t\t\t\t\t<img decoding=\"async\" src=\"https:\/\/apesanteur.net\/wp-content\/uploads\/bb-plugin\/cache\/IMG_1989-square.jpeg\" alt=\"IMG_1989\" itemprop=\"image\" title=\"IMG_1989\" onerror=\"this.style.display='none'\"  \/>\n\t\t<h4>\n\t\t\tChez Apesanteur, nous sommes fiers de mettre \u00e0 votre disposition notre expertise in\u00e9gal\u00e9e dans le domaine des travaux sur corde en milieu urbain.\n\t\t<\/h4>\n\t\t\t<p>Notre \u00e9quipe de professionnels qualifi\u00e9s est pr\u00eate \u00e0 relever tous les d\u00e9fis, que ce soit pour des projets de maintenance, de r\u00e9paration, d&rsquo;inspection ou de nettoyage en hauteur.<\/p>\t\t\n\t\t\t<a href=\"https:\/\/apesanteur.net\/index.php\/nos-metiers\/\" target=\"_self\" rel=\"noopener\">\n\t\t\t\t\t\t\tD\u00e9couvrir nos m\u00e9tiers\n\t\t\t\t\t<\/a>\n\t\t\t\t\t\t\t\t\t<img decoding=\"async\" src=\"http:\/\/apesanteur.net\/wp-content\/uploads\/2023\/10\/expertise.png\" alt=\"expertise\" itemprop=\"image\" srcset=\"https:\/\/apesanteur.net\/wp-content\/uploads\/2023\/10\/expertise.png 256w, https:\/\/apesanteur.net\/wp-content\/uploads\/2023\/10\/expertise-150x150.png 150w\" sizes=\"(max-width: 256px) 100vw, 256px\" title=\"expertise\" onerror=\"this.style.display='none'\"  \/>\n\t\t<h5>\n\t\t\tExpertise\n\t\t<\/h5>\n\t\t\t<p>Notre \u00e9quipe est compos\u00e9e de professionnels hautement qualifi\u00e9s, certifi\u00e9s et form\u00e9s aux derni\u00e8res techniques de travaux sur corde. Nous ma\u00eetrisons l&rsquo;art de travailler en hauteur tout en garantissant la s\u00e9curit\u00e9 de nos op\u00e9rateurs et de votre environnement.<\/p>\t\t\n\t\t\t\t\t\t\t\t\t<img decoding=\"async\" src=\"http:\/\/apesanteur.net\/wp-content\/uploads\/2023\/10\/polyvalence.png\" alt=\"polyvalence\" itemprop=\"image\" srcset=\"https:\/\/apesanteur.net\/wp-content\/uploads\/2023\/10\/polyvalence.png 256w, https:\/\/apesanteur.net\/wp-content\/uploads\/2023\/10\/polyvalence-150x150.png 150w\" sizes=\"(max-width: 256px) 100vw, 256px\" title=\"polyvalence\" onerror=\"this.style.display='none'\"  \/>\n\t\t<h5>\n\t\t\tPolyvalence\n\t\t<\/h5>\n\t\t\t<p>Que ce soit pour des r\u00e9parations de fa\u00e7ades, des inspections, de la plomberie, des travaux d&rsquo;acc\u00e8s difficiles ou des installations complexes, nous avons l&rsquo;expertise n\u00e9cessaire pour accomplir toutes sortes de travaux en hauteur.<\/p>\t\t\n\t\t\t\t\t\t\t\t\t<img decoding=\"async\" src=\"http:\/\/apesanteur.net\/wp-content\/uploads\/2023\/10\/ecologie.png\" alt=\"ecologie\" itemprop=\"image\" srcset=\"https:\/\/apesanteur.net\/wp-content\/uploads\/2023\/10\/ecologie.png 256w, https:\/\/apesanteur.net\/wp-content\/uploads\/2023\/10\/ecologie-150x150.png 150w\" sizes=\"(max-width: 256px) 100vw, 256px\" title=\"ecologie\" onerror=\"this.style.display='none'\"  \/>\n\t\t<h5>\n\t\t\tSolutions \u00e9cologiques\n\t\t<\/h5>\n\t\t\t<p>Nous sommes soucieux de l&rsquo;environnement, c&rsquo;est pourquoi nous utilisons des m\u00e9thodes de travail qui minimisent notre impact sur la nature. Nos techniques de nettoyage et de maintenance sont respectueuses de l&rsquo;\u00e9cosyst\u00e8me urbain.<\/p>\n\t\t\t\t\t\t\t\t\t<img decoding=\"async\" src=\"http:\/\/apesanteur.net\/wp-content\/uploads\/2023\/10\/rapidite.png\" alt=\"rapidite\" itemprop=\"image\" srcset=\"https:\/\/apesanteur.net\/wp-content\/uploads\/2023\/10\/rapidite.png 256w, https:\/\/apesanteur.net\/wp-content\/uploads\/2023\/10\/rapidite-150x150.png 150w\" sizes=\"(max-width: 256px) 100vw, 256px\" title=\"rapidite\" onerror=\"this.style.display='none'\"  \/>\n\t\t<h5>\n\t\t\tFlexibilit\u00e9 &#038; rapidit\u00e9\n\t\t<\/h5>\n\t\t\t<p>Nous comprenons l&rsquo;importance de respecter les d\u00e9lais dans le monde urbain. Notre \u00e9quipe est r\u00e9active et capable d&rsquo;intervenir rapidement pour r\u00e9pondre \u00e0 vos besoins, m\u00eame en cas d&rsquo;urgence.<\/p>\n\t\t\t\t\t\t\t\t\t<img decoding=\"async\" src=\"http:\/\/apesanteur.net\/wp-content\/uploads\/2023\/10\/securite.png\" alt=\"securite\" itemprop=\"image\" srcset=\"https:\/\/apesanteur.net\/wp-content\/uploads\/2023\/10\/securite.png 256w, https:\/\/apesanteur.net\/wp-content\/uploads\/2023\/10\/securite-150x150.png 150w\" sizes=\"(max-width: 256px) 100vw, 256px\" title=\"securite\" onerror=\"this.style.display='none'\"  \/>\n\t\t<h5>\n\t\t\tS\u00e9curit\u00e9 avant tout\n\t\t<\/h5>\n\t\t\t<p>La s\u00e9curit\u00e9 est notre priorit\u00e9 absolue. Tous nos travaux sont effectu\u00e9s conform\u00e9ment aux normes de s\u00e9curit\u00e9 les plus strictes. Nous utilisons un \u00e9quipement de pointe et suivons des protocoles rigoureux pour garantir la s\u00e9curit\u00e9 de nos op\u00e9rateurs et de votre propri\u00e9t\u00e9.<\/p>\n\t\t\t\t\t\t\t\t<a href=\"http:\/\/apesanteur.net\/\" target=\"_self\" itemprop=\"url\" rel=\"noopener\">\n\t\t\t\t\t\t\t\t\t<img decoding=\"async\" src=\"http:\/\/apesanteur.net\/wp-content\/uploads\/2023\/09\/logo_apesanteur_blanc.png\" alt=\"logo_apesanteur_blanc\" itemprop=\"image\" srcset=\"https:\/\/apesanteur.net\/wp-content\/uploads\/2023\/09\/logo_apesanteur_blanc.png 1504w, https:\/\/apesanteur.net\/wp-content\/uploads\/2023\/09\/logo_apesanteur_blanc-300x143.png 300w, https:\/\/apesanteur.net\/wp-content\/uploads\/2023\/09\/logo_apesanteur_blanc-1024x487.png 1024w, https:\/\/apesanteur.net\/wp-content\/uploads\/2023\/09\/logo_apesanteur_blanc-768x366.png 768w\" sizes=\"(max-width: 1504px) 100vw, 1504px\" title=\"logo_apesanteur_blanc\" onerror=\"this.style.display='none'\"  \/>\n\t\t\t\t\t\t\t\t\t\t\t\t\t<\/a>\n\t<h4>Acc\u00e8s rapides<\/h4>\n<a href=\"https:\/\/apesanteur.net\/index.php\/a-propos\/\">A propos<\/a><br \/>\n<a href=\"https:\/\/apesanteur.net\/index.php\/nos-metiers\/\">Nos m\u00e9tiers<\/a><br \/>\n<a href=\"https:\/\/apesanteur.net\/index.php\/nos-realisations\/\">Nos r\u00e9alisations<\/a><br \/>\n<a href=\"https:\/\/apesanteur.net\/index.php\/nos-partenaires\/\">Nos partenaires<\/a>\n\t\t\t<a href=\"https:\/\/apesanteur.net\/index.php\/contact\/\" target=\"_self\" rel=\"noopener\">\n\t\t\t\t\t\t\tNous \u00e9crire\n\t\t\t\t\t<\/a>\n\t<h4>Nous contacter<\/h4>\n1 Rue de Mondovi<br \/>\n13006 Marseille\n09 87 11 00 38<br \/>\n06 08 70 04 29<br \/>\n<a href=\"mailto:apesanteursarl@gmail.com\">apesanteursarl@gmail.com<\/a>\n\t<p><a href=\"https:\/\/apesanteur.net\/index.php\/mentions-legales\/\">Mentions l\u00e9gales<\/a> \u00b7 <a href=\"https:\/\/apesanteur.net\/index.php\/politique-de-donnees-personnelles\/\">Politique de donn\u00e9es personnelles<\/a><\/p>\n\n","protected":false},"excerpt":{"rendered":"<p>\u00c0 propos Au c\u0153ur des villes modernes, de nombreux d\u00e9fis se pr\u00e9sentent lorsqu&rsquo;il s&rsquo;agit d&rsquo;entretenir, r\u00e9parer ou inspecter les structures en hauteur. C&rsquo;est l\u00e0 que notre \u00e9quipe d&rsquo;experts en travaux sur corde entre en action. Avec une exp\u00e9rience de plus de dix ans, nous vous proposons des solutions innovantes et s\u00e9curis\u00e9es pour r\u00e9pondre \u00e0 tous&hellip;<\/p>\n","protected":false},"author":1,"featured_media":0,"parent":0,"menu_order":0,"comment_status":"closed","ping_status":"closed","template":"","meta":{"footnotes":""},"class_list":["post-170","page","type-page","status-publish","hentry"],"yoast_head":"<!-- This site is optimized with the Yoast SEO plugin v26.9 - https:\/\/yoast.com\/product\/yoast-seo-wordpress\/ -->\n<title>A propos - Apesanteur<\/title>\n<meta name=\"description\" content=\"Apesanteur est une entreprise sp\u00e9cialis\u00e9e en travaux sur cordes \u00e0 Marseille. Nous intervenons en milieux d&#039;acc\u00e8s difficiles.\" \/>\n<meta name=\"robots\" content=\"index, follow, max-snippet:-1, max-image-preview:large, max-video-preview:-1\" \/>\n<link rel=\"canonical\" href=\"https:\/\/apesanteur.net\/index.php\/a-propos\/\" \/>\n<meta property=\"og:locale\" content=\"fr_FR\" \/>\n<meta property=\"og:type\" content=\"article\" \/>\n<meta property=\"og:title\" content=\"A propos - Apesanteur\" \/>\n<meta property=\"og:description\" content=\"Apesanteur est une entreprise sp\u00e9cialis\u00e9e en travaux sur cordes \u00e0 Marseille. Nous intervenons en milieux d&#039;acc\u00e8s difficiles.\" \/>\n<meta property=\"og:url\" content=\"https:\/\/apesanteur.net\/index.php\/a-propos\/\" \/>\n<meta property=\"og:site_name\" content=\"Apesanteur\" \/>\n<meta property=\"article:modified_time\" content=\"2023-11-09T10:07:04+00:00\" \/>\n<meta property=\"og:image\" content=\"https:\/\/apesanteur.net\/wp-content\/uploads\/bb-plugin\/cache\/IMG_1989-square.jpeg\" \/>\n<meta name=\"twitter:card\" content=\"summary_large_image\" \/>\n<meta name=\"twitter:label1\" content=\"Dur\u00e9e de lecture estim\u00e9e\" \/>\n\t<meta name=\"twitter:data1\" content=\"4 minutes\" \/>\n<script type=\"application\/ld+json\" class=\"yoast-schema-graph\">{\"@context\":\"https:\/\/schema.org\",\"@graph\":[{\"@type\":\"WebPage\",\"@id\":\"https:\/\/apesanteur.net\/index.php\/a-propos\/\",\"url\":\"https:\/\/apesanteur.net\/index.php\/a-propos\/\",\"name\":\"A propos - Apesanteur\",\"isPartOf\":{\"@id\":\"https:\/\/apesanteur.net\/#website\"},\"primaryImageOfPage\":{\"@id\":\"https:\/\/apesanteur.net\/index.php\/a-propos\/#primaryimage\"},\"image\":{\"@id\":\"https:\/\/apesanteur.net\/index.php\/a-propos\/#primaryimage\"},\"thumbnailUrl\":\"https:\/\/apesanteur.net\/wp-content\/uploads\/bb-plugin\/cache\/IMG_1989-square.jpeg\",\"datePublished\":\"2023-10-13T15:09:19+00:00\",\"dateModified\":\"2023-11-09T10:07:04+00:00\",\"description\":\"Apesanteur est une entreprise sp\u00e9cialis\u00e9e en travaux sur cordes \u00e0 Marseille. Nous intervenons en milieux d'acc\u00e8s difficiles.\",\"breadcrumb\":{\"@id\":\"https:\/\/apesanteur.net\/index.php\/a-propos\/#breadcrumb\"},\"inLanguage\":\"fr-FR\",\"potentialAction\":[{\"@type\":\"ReadAction\",\"target\":[\"https:\/\/apesanteur.net\/index.php\/a-propos\/\"]}]},{\"@type\":\"ImageObject\",\"inLanguage\":\"fr-FR\",\"@id\":\"https:\/\/apesanteur.net\/index.php\/a-propos\/#primaryimage\",\"url\":\"https:\/\/apesanteur.net\/wp-content\/uploads\/bb-plugin\/cache\/IMG_1989-square.jpeg\",\"contentUrl\":\"https:\/\/apesanteur.net\/wp-content\/uploads\/bb-plugin\/cache\/IMG_1989-square.jpeg\"},{\"@type\":\"BreadcrumbList\",\"@id\":\"https:\/\/apesanteur.net\/index.php\/a-propos\/#breadcrumb\",\"itemListElement\":[{\"@type\":\"ListItem\",\"position\":1,\"name\":\"Accueil\",\"item\":\"https:\/\/apesanteur.net\/\"},{\"@type\":\"ListItem\",\"position\":2,\"name\":\"A propos\"}]},{\"@type\":\"WebSite\",\"@id\":\"https:\/\/apesanteur.net\/#website\",\"url\":\"https:\/\/apesanteur.net\/\",\"name\":\"Apesanteur\",\"description\":\"Partenaire de vos travaux d&#039;acc\u00e8s difficiles en milieu industriel et urbain\",\"publisher\":{\"@id\":\"https:\/\/apesanteur.net\/#organization\"},\"alternateName\":\"Apensanteur\",\"potentialAction\":[{\"@type\":\"SearchAction\",\"target\":{\"@type\":\"EntryPoint\",\"urlTemplate\":\"https:\/\/apesanteur.net\/?s={search_term_string}\"},\"query-input\":{\"@type\":\"PropertyValueSpecification\",\"valueRequired\":true,\"valueName\":\"search_term_string\"}}],\"inLanguage\":\"fr-FR\"},{\"@type\":\"Organization\",\"@id\":\"https:\/\/apesanteur.net\/#organization\",\"name\":\"Apesanteur\",\"alternateName\":\"Apesanteur\",\"url\":\"https:\/\/apesanteur.net\/\",\"logo\":{\"@type\":\"ImageObject\",\"inLanguage\":\"fr-FR\",\"@id\":\"https:\/\/apesanteur.net\/#\/schema\/logo\/image\/\",\"url\":\"https:\/\/apesanteur.net\/wp-content\/uploads\/2023\/09\/logo_apesanteur_coul.png\",\"contentUrl\":\"https:\/\/apesanteur.net\/wp-content\/uploads\/2023\/09\/logo_apesanteur_coul.png\",\"width\":1504,\"height\":716,\"caption\":\"Apesanteur\"},\"image\":{\"@id\":\"https:\/\/apesanteur.net\/#\/schema\/logo\/image\/\"}}]}<\/script>\n<!-- \/ Yoast SEO plugin. -->","yoast_head_json":{"title":"A propos - Apesanteur","description":"Apesanteur est une entreprise sp\u00e9cialis\u00e9e en travaux sur cordes \u00e0 Marseille. Nous intervenons en milieux d'acc\u00e8s difficiles.","robots":{"index":"index","follow":"follow","max-snippet":"max-snippet:-1","max-image-preview":"max-image-preview:large","max-video-preview":"max-video-preview:-1"},"canonical":"https:\/\/apesanteur.net\/index.php\/a-propos\/","og_locale":"fr_FR","og_type":"article","og_title":"A propos - Apesanteur","og_description":"Apesanteur est une entreprise sp\u00e9cialis\u00e9e en travaux sur cordes \u00e0 Marseille. Nous intervenons en milieux d'acc\u00e8s difficiles.","og_url":"https:\/\/apesanteur.net\/index.php\/a-propos\/","og_site_name":"Apesanteur","article_modified_time":"2023-11-09T10:07:04+00:00","og_image":[{"url":"https:\/\/apesanteur.net\/wp-content\/uploads\/bb-plugin\/cache\/IMG_1989-square.jpeg","type":"","width":"","height":""}],"twitter_card":"summary_large_image","twitter_misc":{"Dur\u00e9e de lecture estim\u00e9e":"4 minutes"},"schema":{"@context":"https:\/\/schema.org","@graph":[{"@type":"WebPage","@id":"https:\/\/apesanteur.net\/index.php\/a-propos\/","url":"https:\/\/apesanteur.net\/index.php\/a-propos\/","name":"A propos - Apesanteur","isPartOf":{"@id":"https:\/\/apesanteur.net\/#website"},"primaryImageOfPage":{"@id":"https:\/\/apesanteur.net\/index.php\/a-propos\/#primaryimage"},"image":{"@id":"https:\/\/apesanteur.net\/index.php\/a-propos\/#primaryimage"},"thumbnailUrl":"https:\/\/apesanteur.net\/wp-content\/uploads\/bb-plugin\/cache\/IMG_1989-square.jpeg","datePublished":"2023-10-13T15:09:19+00:00","dateModified":"2023-11-09T10:07:04+00:00","description":"Apesanteur est une entreprise sp\u00e9cialis\u00e9e en travaux sur cordes \u00e0 Marseille. Nous intervenons en milieux d'acc\u00e8s difficiles.","breadcrumb":{"@id":"https:\/\/apesanteur.net\/index.php\/a-propos\/#breadcrumb"},"inLanguage":"fr-FR","potentialAction":[{"@type":"ReadAction","target":["https:\/\/apesanteur.net\/index.php\/a-propos\/"]}]},{"@type":"ImageObject","inLanguage":"fr-FR","@id":"https:\/\/apesanteur.net\/index.php\/a-propos\/#primaryimage","url":"https:\/\/apesanteur.net\/wp-content\/uploads\/bb-plugin\/cache\/IMG_1989-square.jpeg","contentUrl":"https:\/\/apesanteur.net\/wp-content\/uploads\/bb-plugin\/cache\/IMG_1989-square.jpeg"},{"@type":"BreadcrumbList","@id":"https:\/\/apesanteur.net\/index.php\/a-propos\/#breadcrumb","itemListElement":[{"@type":"ListItem","position":1,"name":"Accueil","item":"https:\/\/apesanteur.net\/"},{"@type":"ListItem","position":2,"name":"A propos"}]},{"@type":"WebSite","@id":"https:\/\/apesanteur.net\/#website","url":"https:\/\/apesanteur.net\/","name":"Apesanteur","description":"Partenaire de vos travaux d&#039;acc\u00e8s difficiles en milieu industriel et urbain","publisher":{"@id":"https:\/\/apesanteur.net\/#organization"},"alternateName":"Apensanteur","potentialAction":[{"@type":"SearchAction","target":{"@type":"EntryPoint","urlTemplate":"https:\/\/apesanteur.net\/?s={search_term_string}"},"query-input":{"@type":"PropertyValueSpecification","valueRequired":true,"valueName":"search_term_string"}}],"inLanguage":"fr-FR"},{"@type":"Organization","@id":"https:\/\/apesanteur.net\/#organization","name":"Apesanteur","alternateName":"Apesanteur","url":"https:\/\/apesanteur.net\/","logo":{"@type":"ImageObject","inLanguage":"fr-FR","@id":"https:\/\/apesanteur.net\/#\/schema\/logo\/image\/","url":"https:\/\/apesanteur.net\/wp-content\/uploads\/2023\/09\/logo_apesanteur_coul.png","contentUrl":"https:\/\/apesanteur.net\/wp-content\/uploads\/2023\/09\/logo_apesanteur_coul.png","width":1504,"height":716,"caption":"Apesanteur"},"image":{"@id":"https:\/\/apesanteur.net\/#\/schema\/logo\/image\/"}}]}},"_links":{"self":[{"href":"https:\/\/apesanteur.net\/index.php\/wp-json\/wp\/v2\/pages\/170","targetHints":{"allow":["GET"]}}],"collection":[{"href":"https:\/\/apesanteur.net\/index.php\/wp-json\/wp\/v2\/pages"}],"about":[{"href":"https:\/\/apesanteur.net\/index.php\/wp-json\/wp\/v2\/types\/page"}],"author":[{"embeddable":true,"href":"https:\/\/apesanteur.net\/index.php\/wp-json\/wp\/v2\/users\/1"}],"replies":[{"embeddable":true,"href":"https:\/\/apesanteur.net\/index.php\/wp-json\/wp\/v2\/comments?post=170"}],"version-history":[{"count":19,"href":"https:\/\/apesanteur.net\/index.php\/wp-json\/wp\/v2\/pages\/170\/revisions"}],"predecessor-version":[{"id":428,"href":"https:\/\/apesanteur.net\/index.php\/wp-json\/wp\/v2\/pages\/170\/revisions\/428"}],"wp:attachment":[{"href":"https:\/\/apesanteur.net\/index.php\/wp-json\/wp\/v2\/media?parent=170"}],"curies":[{"name":"wp","href":"https:\/\/api.w.org\/{rel}","templated":true}]}}